{"id":177,"date":"2025-04-28T22:24:44","date_gmt":"2025-04-28T20:24:44","guid":{"rendered":"https:\/\/kolonicskriszta.hu\/?page_id=177"},"modified":"2026-02-10T21:51:12","modified_gmt":"2026-02-10T20:51:12","slug":"reiki","status":"publish","type":"page","link":"https:\/\/kolonicskriszta.hu\/index.php\/reiki\/","title":{"rendered":"REIKI"},"content":{"rendered":"\n<h4 class=\"wp-block-heading\"><strong>Az Univerz\u00e1lis Szeretet Energia Gy\u00f3gy\u00edt\u00f3 \u00d6lel\u00e9se<\/strong><\/h4>\n\n\n\n<p>\u00c9rezted m\u00e1r valaha, hogy egy gyeng\u00e9d \u00e9rint\u00e9s vagy egy megnyugtat\u00f3 jelenl\u00e9t milyen m\u00e9lyen k\u00e9pes seg\u00edteni a gy\u00f3gyul\u00e1sban vagy megnyugtatni a lelket? A Reiki \u00e9ppen err\u0151l sz\u00f3l: egy \u0151si jap\u00e1n gy\u00f3gy\u00edt\u00f3 technika, amely az <strong>univerz\u00e1lis \u00e9letenergia<\/strong> k\u00f6zvet\u00edt\u00e9s\u00e9n alapul, \u00e9s k\u00e9pes harmoniz\u00e1lni a testet, a lelket \u00e9s a szellemet.<\/p>\n\n\n\n<p><strong>Az \u00e9n utam a Reikivel:<\/strong> 2004-ben kaptam az I. fokozat\u00fa reiki beavat\u00e1somat, ami egy hossz\u00fa \u00e9s m\u00e9lyrehat\u00f3 utaz\u00e1s kezdet\u00e9t jelentette sz\u00e1momra. Az az\u00f3ta eltelt t\u00f6bb mint k\u00e9t \u00e9vtized sor\u00e1n elsaj\u00e1t\u00edtottam az \u00f6sszes fokozatot, \u00e9s m\u00e1ra m\u00e1r mondhatom, hogy komoly tapasztalattal rendelkezem ezen a ter\u00fcleten. Szem\u00e9lyes t\u00f6rt\u00e9netem \u00e9kes bizony\u00edt\u00e9ka annak, hogy a Reiki nemcsak a fizikai neh\u00e9zs\u00e9geken seg\u00edtett \u00e1tlend\u00fclni, hanem a lelki er\u0151t is megadta egy-egy neh\u00e9z \u00e9lethelyzethez. Ez a tapasztalat, \u00e9s a m\u00e9ly elk\u00f6telezetts\u00e9g tesz k\u00e9pess\u00e9 arra, hogy a legmagasabb szint\u0171 t\u00e1mogat\u00e1st ny\u00fajtsam neked.<\/p>\n\n\n\n<p><strong>Mi is az a Reiki?<\/strong> A Reiki  jap\u00e1n sz\u00f3, jelent\u00e9se &#8222;univerz\u00e1lis \u00e9letenergia&#8221;. Ez az az energia, amely minden \u00e9l\u0151l\u00e9nyt \u00e1that \u00e9s fenntart. Amikor ez az energia \u00e1raml\u00e1sa zavart szenved benn\u00fcnk (p\u00e9ld\u00e1ul stressz, betegs\u00e9g vagy \u00e9rzelmi trauma miatt), akkor \u00e9rezz\u00fck magunkat kimer\u00fcltnek, rosszul vagy betegnek. A Reiki kezel\u00e9s sor\u00e1n a kezel\u0151 k\u00f6zvet\u00edt\u0151k\u00e9nt m\u0171k\u00f6dik, \u00e9s a kez\u00e9n kereszt\u00fcl k\u00f6zvet\u00edti ezt a tiszta, univerz\u00e1lis szeretetenergi\u00e1t, seg\u00edtve ezzel a test \u00f6ngy\u00f3gy\u00edt\u00f3 folyamatainak beindul\u00e1s\u00e1t.<\/p>\n\n\n\n<p><strong>A Reiki j\u00f3t\u00e9kony hat\u00e1sai:<\/strong> A Reiki egy gyeng\u00e9d, m\u00e9gis m\u00e9lyrehat\u00f3 m\u00f3dszer, mely holisztikusan hat r\u00e1d:<\/p>\n\n\n\n<ul class=\"wp-block-list\">\n<li><strong>Fizikai szinten:<\/strong>\u00a0T\u00e1mogatja a test term\u00e9szetes \u00f6ngy\u00f3gy\u00edt\u00f3 folyamatait. Seg\u00edthet enyh\u00edteni a f\u00e1jdalmakat, cs\u00f6kkenteni a gyullad\u00e1sokat, gyors\u00edtani a fel\u00e9p\u00fcl\u00e9st s\u00e9r\u00fcl\u00e9sek \u00e9s m\u0171t\u00e9tek ut\u00e1n. Er\u0151s\u00edtheti az immunrendszert \u00e9s jav\u00edthatja az alv\u00e1s min\u0151s\u00e9g\u00e9t.<\/li>\n\n\n\n<li><strong>Lelki szinten:<\/strong>\u00a0Rendk\u00edv\u00fcl hat\u00e9kony a stressz \u00e9s a szorong\u00e1s old\u00e1s\u00e1ban. Seg\u00edt a felgy\u00fclemlett \u00e9rzelmek feldolgoz\u00e1s\u00e1ban, n\u00f6veli a bels\u0151 b\u00e9k\u00e9t \u00e9s a harm\u00f3nia \u00e9rzet\u00e9t. T\u00e1mogat\u00e1st ny\u00fajthat neh\u00e9z \u00e9lethelyzetek, gy\u00e1sz vagy v\u00e1ltoz\u00e1sok idej\u00e9n, meger\u0151s\u00edtve a lelkier\u0151t.<\/li>\n\n\n\n<li><strong>Energetikai szinten:<\/strong>\u00a0Kiegyenl\u00edti \u00e9s harmoniz\u00e1lja a test energiarendszer\u00e9t (csakr\u00e1kat \u00e9s meridi\u00e1nokat), ezzel hozz\u00e1j\u00e1rulva a vitalit\u00e1s \u00e9s az \u00e1ltal\u00e1nos j\u00f3 k\u00f6z\u00e9rzet n\u00f6vel\u00e9s\u00e9hez.<\/li>\n<\/ul>\n\n\n\n<p><strong>Tapasztald meg Te is az univerz\u00e1lis szeretet energia mindent \u00e1that\u00f3 erej\u00e9t!<\/strong> A Reiki nem egy csodaszer, hanem egy \u00fat a m\u00e9lyebb \u00f6ntudatoss\u00e1ghoz \u00e9s a bels\u0151 gy\u00f3gyul\u00e1shoz. Lehet\u0151s\u00e9get ad arra, hogy kikapcsol\u00f3dj a mindennapok rohan\u00e1s\u00e1b\u00f3l, \u00e9s \u00fajra kapcsolatba ker\u00fclj a saj\u00e1t bels\u0151 er\u0151forr\u00e1saiddal. A kezel\u00e9s sor\u00e1n m\u00e9ly ellazul\u00e1sba ker\u00fclhetsz, ahol a tested \u00e9s a lelked regener\u00e1l\u00f3dhat.<\/p>\n\n\n\n<p>Engedd meg magadnak ezt a k\u00fcl\u00f6nleges \u00e9lm\u00e9nyt! V\u00e1rlak szeretettel, hogy egy\u00fctt fedezz\u00fck fel, hogyan seg\u00edthet a Reiki a te \u00e9letedben is a harm\u00f3nia \u00e9s a j\u00f3l\u00e9t megteremt\u00e9s\u00e9ben.<\/p>\n\n\n\n<header class=\"wp-block-uagb-advanced-heading uagb-block-cea22fed\"><h2 class=\"uagb-heading-text\">A reiki alap\u00edt\u00f3ja<\/h2><\/header>\n\n\n<p><span style=\"color: #524840;\">A reikinek (term\u00e9szetes gy\u00f3gym\u00f3d) megalap\u00edt\u00f3ja Dr. Mikao Usui volt. Usui a Doshisha Egyetem rektora, Jap\u00e1nban, Kyot\u00f3ban, s emellett kereszt\u00e9ny lelk\u00e9sz.\u00a0<\/span><\/p>\n\n\n<div class=\"wp-block-uagb-container uagb-block-8da1132c alignfull uagb-is-root-container\"><div class=\"uagb-container-inner-blocks-wrap\">\n<div class=\"wp-block-uagb-container uagb-block-7ab81697\">\n<div class=\"wp-block-uagb-image uagb-block-51d4012a wp-block-uagb-image--layout-default wp-block-uagb-image--effect-static wp-block-uagb-image--align-none\"><figure class=\"wp-block-uagb-image__figure\"><img decoding=\"async\" srcset=\"https:\/\/kolonicskriszta.hu\/wp-content\/uploads\/2025\/04\/usui-9-239x300.jpg ,https:\/\/kolonicskriszta.hu\/wp-content\/uploads\/2025\/04\/usui-9.jpg 780w, https:\/\/kolonicskriszta.hu\/wp-content\/uploads\/2025\/04\/usui-9.jpg 360w\" sizes=\"auto, (max-width: 480px) 150px\" src=\"https:\/\/kolonicskriszta.hu\/wp-content\/uploads\/2025\/04\/usui-9-239x300.jpg\" alt=\"\" class=\"uag-image-289\" width=\"239\" height=\"300\" title=\"usui\" loading=\"lazy\" role=\"img\"\/><\/figure><\/div>\n<\/div>\n\n\n\n<div class=\"wp-block-uagb-container uagb-block-8cb8b4c6\">\n<p><span style=\"color: #524840;\">Usui s\u00edrj\u00e1n megtal\u00e1lhat\u00f3 felirat mindennapi \u00fatmutat\u00e1s az \u0150t k\u00f6vet\u0151k r\u00e9sz\u00e9re:<\/span><\/p>\n<p>Csak ma, a h\u00e1la \u00e9rz\u00e9se t\u00f6lti el sz\u00edvemet!<br \/>Csak ma, felhagyok az agg\u00f3d\u00e1ssal!<br \/>Csak ma, nem leszek d\u00fch\u00f6s!<br \/>Csak ma, becs\u00fclettel v\u00e9gzem dolgomat!<br \/>Csak ma, szeretek \u00e9s tisztelek mindent, ami \u00e9l!<\/p>\n<\/div>\n<\/div><\/div>\n\n\n<p align=\"justify\"><span style=\"color: #524840;\">Egy<\/span> <span style=\"color: #524840;\">\u00f6sszek\u00fcl\u00f6nb\u00f6z\u00e9s a hallgat\u00f3kkal megv\u00e1ltoztatta Usui \u00e9let\u00e9t.<\/span><\/p>\n<div align=\"justify\">\n<p><span style=\"color: #524840;\">Az egyik di\u00e1k megk\u00e9rdezte: Elfogadja-e a Bibli\u00e1ban foglaltak tartalm\u00e1t \u00e9s elhiszi-e ami le van \u00edrva, l\u00e1tott-e valaha hasonl\u00f3 dolgot? Dr. Usui azt felelte, hogy elfogadja, hiszi, ami le van \u00edrva, b\u00e1r m\u00e9g soha nem l\u00e1tott ilyet.<\/span><\/p>\n<p><span style=\"color: #524840;\">A di\u00e1k megk\u00e9rdezte, hogy mi\u00e9rt elegend\u0151 egy m\u00e1sodk\u00e9zb\u0151l val\u00f3 k\u00f6zl\u00e9s bizonyoss\u00e1gk\u00e9nt a sz\u00e1m\u00e1ra, amikor \u0151k tele vannak k\u00e9rd\u00e9sekkel. Nekik sz\u00fcks\u00e9g\u00fck van arra, hogy saj\u00e1t szem\u00fckkel l\u00e1ss\u00e1k!<\/span><\/p>\n<p><span style=\"color: #524840;\">Ez a besz\u00e9lget\u00e9s v\u00e1ltoz\u00e1st ind\u00edtott el Usui \u00e9let\u00e9ben. M\u00e1snap felmondta \u00e1ll\u00e1s\u00e1t a Doshisha Egyetemen \u00e9s az USA-ba utazott, ahol a Chichag\u00f3i Egyetemen doktori fokozatot kapott vall\u00e1si kutat\u00e1sai\u00e9rt. Megpr\u00f3b\u00e1lta felkutatni a szent\u00edr\u00e1sb\u00f3l, hogy J\u00e9zus \u00e9s tan\u00edtv\u00e1nyai hogyan gy\u00f3gy\u00edtottak, hogy ez\u00e1ltal bizonyoss\u00e1got tudjon adni k\u00e9tked\u0151 tan\u00edtv\u00e1nyainak.<\/span><\/p>\n<p><span style=\"color: #524840;\">Kutat\u00e1sai sor\u00e1n r\u00e1j\u00f6tt, hogy a buddhista hagyom\u00e1nyok eml\u00edt\u00e9st tettek Buddha hasonl\u00f3 tetteir\u0151l. Dr. Usui sorra l\u00e1togatta a buddhista kolostorokat olyan valakit keresve, aki seg\u00edts\u00e9g\u00e9re lehetne a fizikai test gy\u00f3gy\u00edt\u00e1s\u00e1ban.<\/span><\/p>\n<p><span style=\"color: #524840;\">Tanulm\u00e1nyozta a buddhista szent\u00edr\u00e1s jap\u00e1n ford\u00edt\u00e1s\u00e1t, de nem tal\u00e1lta meg, amit rem\u00e9lt. Megtanulta a k\u00ednai nyelvet, hogy m\u00e9g t\u00f6bb \u00edr\u00e1st tanulm\u00e1nyozhasson, de m\u00e9g \u00edgy sem \u00e9rt el eredm\u00e9nyt. Megtanult szanszkrit\u00fcl, &#8211; az \u0151si nyelven &#8211; hogy el tudja olvasni eredetiben a buddhista \u00edr\u00e1sokat \u00e9s hozz\u00e1f\u00e9rjen olyan \u00edr\u00e1sokhoz is, amelyeket soha m\u00e1s nyelvre nem ford\u00edtottak le. V\u00e9gezet\u00fcl megtal\u00e1lta amit keresett!<\/span><\/p>\n<p><span style=\"color: #524840;\">Buddha tanaiban Usui megtal\u00e1lta a formul\u00e1t, a szimb\u00f3lumokat \u00e9s a le\u00edr\u00e1sokat, hogy Buddha hogyan gy\u00f3gy\u00edtott. H\u00e9t \u00e9vi keres\u00e9s ut\u00e1n Usui v\u00e9gre megtal\u00e1lta amit rem\u00e9lt. B\u00e1r a tud\u00e1s birtok\u00e1ba ker\u00fclt, de nem rendelkezett a gy\u00f3gy\u00edt\u00e1s erej\u00e9vel.<\/span><\/p>\n<p><span style=\"color: #524840;\">Megvitatta tapasztalatait egy \u00f6reg ap\u00e1ttal, akinek tan\u00e1cs\u00e1ra felvonult a Kurijama hegyre medit\u00e1lni, b\u00f6jt\u00f6lni. Az id\u0151 m\u00fal\u00e1s\u00e1t az ap\u00e1tt\u00f3l kapott 21 kavics napkeltekori eldob\u00e1s\u00e1val m\u00e9rte. H\u00fasz napon kereszt\u00fcl nem t\u00f6rt\u00e9nt semmi, majd a huszonegyedik napon Usui megl\u00e1tott az \u00e9gen egy f\u00e9nysugarat, amely egyenesen fel\u00e9 ir\u00e1nyult. A f\u00e9ny homlokon \u00fct\u00f6tte \u00e9s od\u00e9bb l\u00f6kte Usuit. Azt\u00e1n gyors egym\u00e1sut\u00e1nban\u00a0f\u00e9nyburokban megjelentek el\u0151tte a szimb\u00f3lumok, melyeket tanulm\u00e1nyai sor\u00e1n megismert, Buddha \u00e9s J\u00e9zus gy\u00f3gy\u00edt\u00e1sainak kulcsai. A szimb\u00f3lumok be\u00e9gtek az eml\u00e9kezet\u00e9be, \u00e9s ezzel Usui megkapta az elm\u00e9leti tud\u00e1s mell\u00e9 a gy\u00f3gy\u00edt\u00e1s erej\u00e9t is.<\/span><\/p>\n<\/div>\n\n\n<div class=\"wp-block-uagb-advanced-heading uagb-block-f246a47e\"><h2 class=\"uagb-heading-text\">Mi a reiki?<\/h2><\/div>\n\n\n<p><span style=\"color: #524840;\">A Reiki\u00a0jap\u00e1n eredet\u0171, beavat\u00e1son alapul\u00f3 term\u00e9szetes gy\u00f3gym\u00f3d,\u00a0a k\u00e9zr\u00e1t\u00e9tes gy\u00f3gy\u00edt\u00e1s egyik form\u00e1ja.<\/span><\/p>\n<p><span style=\"color: #524840;\">Akik beavatottak azok m\u00e1r tapasztalhatt\u00e1k a reiki szem\u00e9lyis\u00e9g fejleszt\u0151 hat\u00e1s\u00e1t is.\u00a0<\/span><\/p>\n<p><span style=\"color: #524840;\">A Reiki kifejez\u00e9s egy jap\u00e1n sz\u00f3\u00f6sszet\u00e9tel, mely k\u00e9t tagb\u00f3l \u00e1ll.<\/span><br \/><span style=\"color: #524840;\">A REI- tag jelent\u00e9se univerz\u00e1lis, kozmikus, isteni, Mindens\u00e9g, Kozmosz, Teremt\u0151, Isten.<\/span><br \/><span style=\"color: #524840;\">A\u00a0KI-tag (vagy CSI) jelent\u00e9se energia, er\u0151, hatalom.<\/span><\/p>\n<p><span style=\"color: #524840;\">Az \u00f6sszet\u00e9tel jelent\u00e9se Univerz\u00e1lis, a Mindens\u00e9g energi\u00e1ja, a Mindens\u00e9g ereje, Isteni energia, Teremt\u0151 er\u0151, Fels\u0151bb hatalom.<\/span><\/p>\n<p><span style=\"color: #524840;\">Kinek-kinek a hite, l\u00e1t\u00e1sm\u00f3dja szerint.<\/span><\/p>\n<p><span style=\"color: #524840;\">A Reiki nem vall\u00e1s, viszont minden\u00a0vall\u00e1s alapj\u00e1t k\u00e9pez\u0151 szereteten alapul. A reiki szanszkrit jelent\u00e9se a SZERETET ENERGI\u00c1JA.<\/span><\/p>\n\n\n<div class=\"wp-block-uagb-advanced-heading uagb-block-2d6b6f5d\"><h2 class=\"uagb-heading-text\">Reiki fokozatok<\/h2><\/div>\n\n\n\n<div class=\"wp-block-uagb-slider uagb-block-384b52c1 uagb-slider-container\"><div class=\"uagb-slides uagb-swiper\"><div class=\"swiper-wrapper\">\n<div class=\"wp-block-uagb-slider-child uagb-slider-child-wrap swiper-slide uagb-block-e51b16b1\"><div class=\"swiper-content\">\n<div class=\"wp-block-uagb-container uagb-layout-flex uagb-block-0ee9a424 default uagb-is-root-container\">\n<div class=\"wp-block-uagb-info-box uagb-block-61800f45 uagb-infobox__content-wrap  uagb-infobox-icon-above-title uagb-infobox-image-valign-top wp-block-uagb-info-box--has-margin\"><div class=\"uagb-infobox-margin-wrapper\"><div class=\"uagb-ifb-content\"><div class=\"uagb-ifb-title-wrap\"><h3 class=\"uagb-ifb-title\">Reiki I.<\/h3><\/div><p class=\"uagb-ifb-desc\">Az els\u0151 fokozatban, melyet kezd\u0151 vagy alap fokozatnak is nevez\u00fcnk, a tan\u00edtv\u00e1ny&nbsp;behangol\u00e1son kereszt\u00fcl kapja meg a k\u00e9zr\u00e1t\u00e9teles gy\u00f3gy\u00edt\u00e1s lehet\u0151s\u00e9g\u00e9t. &nbsp;<br>A behangol\u00e1st elm\u00e9leti \u00e9s gyakorlati oktat\u00e1sok eg\u00e9sz\u00edtik ki \u00e9s teszik teljess\u00e9.&nbsp;<br>Az oktat\u00e1sok sor\u00e1n&nbsp;k\u00e9t egym\u00e1st k\u00f6vet\u0151 nap alatt&nbsp;ismerkedhetnek meg a r\u00e9sztvev\u0151k a reiki t\u00f6rt\u00e9net\u00e9vel, filoz\u00f3fi\u00e1j\u00e1val, m\u0171k\u00f6d\u00e9si elv\u00e9vel, a kapcsol\u00f3d\u00f3 fogalmakkal, a betegs\u00e9gek felismer\u00e9s\u00e9nek kezel\u00e9s\u00e9nek technik\u00e1j\u00e1val.&nbsp;<br>A gyakorlati k\u00e9pz\u00e9s sor\u00e1n&nbsp;a tan\u00edtv\u00e1nyok az elm\u00e9letben m\u00e1r megtanult fog\u00e1sokat a gyakorlatban kipr\u00f3b\u00e1lj\u00e1k,&nbsp;\u00e9s rutint szereznek ezek alkalmaz\u00e1s\u00e1ban.<br><br>Az avat\u00e1s ut\u00e1n a&nbsp;21 napos di\u00e9ta&nbsp;megtart\u00e1sa aj\u00e1nlott.<br><br>A reiki mindenki \u00e1ltal elsaj\u00e1t\u00edthat\u00f3 technika, ez\u00e9rt az I-es tanfolyamra b\u00e1rki jelentkezhet, el\u0151k\u00e9pzetts\u00e9gre nincs sz\u00fcks\u00e9g.&nbsp;<\/p><div class=\"uagb-ifb-button-wrapper uagb-ifb-button-type-text wp-block-button\"><a href=\"#\" target=\"_self\" onclick=\"return false;\" class=\"uagb-infobox-cta-link wp-block-button__link\" rel=\"noopener noreferrer\"><span class=\"uagb-inline-editing\">Read More<\/span><\/a><\/div><\/div><\/div><\/div>\n<\/div>\n<\/div><\/div>\n\n\n\n<div class=\"wp-block-uagb-slider-child uagb-slider-child-wrap swiper-slide uagb-block-5fbdc379\"><div class=\"swiper-content\">\n<div class=\"wp-block-uagb-container uagb-block-e8943a81 default uagb-is-root-container\">\n<div class=\"wp-block-uagb-info-box uagb-block-a390c310 uagb-infobox__content-wrap  uagb-infobox-icon-above-title uagb-infobox-image-valign-top wp-block-uagb-info-box--has-margin\"><div class=\"uagb-infobox-margin-wrapper\"><div class=\"uagb-ifb-content\"><div class=\"uagb-ifb-title-wrap\"><h3 class=\"uagb-ifb-title\">Reiki II.<\/h3><\/div><p class=\"uagb-ifb-desc\">A m\u00e1sodik fokozat ellent\u00e9tben az els\u0151vel, m\u00e1r nem adhat\u00f3 b\u00e1rkinek.&nbsp;<br>Aki elv\u00e9gezte a&nbsp;reiki I. fokozat\u00e1t meg\u00e9rti mit jelent, hogy ezt a fokozatot&nbsp;m\u00e1r ki kell \u00e9rdemelnie a jelentkez\u0151nek.&nbsp;<br><br>Ez persze nem j\u00e1r semmilyen a hagyom\u00e1nyos \u00e9rtelemben vett vizsg\u00e1val vagy teszttel. A Mester a tan\u00edtv\u00e1ny fejl\u0151d\u00e9si \u00fatj\u00e1t nyomon k\u00f6vetve az el\u00e9rt v\u00e1ltoz\u00e1sok, eredm\u00e9nyek alapj\u00e1n d\u00f6nti el, hogy a jelentkez\u0151&nbsp;meg\u00e9rett-e a feladatra.&nbsp;<br><br>Erre az\u00e9rt van sz\u00fcks\u00e9g, mert a reiki II-es a lehet\u0151s\u00e9gek sz\u00e9les t\u00e1rh\u00e1z\u00e1t nyitja meg a tan\u00edtv\u00e1ny el\u0151tt.&nbsp;<br><br>Az avat\u00e1s ut\u00e1n a&nbsp;21 napos di\u00e9ta&nbsp;megtart\u00e1sa aj\u00e1nlott.&nbsp;<br><br>Reiki II. k\u00e9pz\u00e9sre v\u00e9gzett,&nbsp;gyakorl\u00f3<br>&nbsp;tradicion\u00e1lis&nbsp;reiki I-es avatott jelentkezhet.&nbsp;<br><br>A tradicion\u00e1lis k\u00e9pz\u00e9sben az I-es \u00e9s a II-es fokozat k\u00f6z\u00f6tti minim\u00e1lis kiv\u00e1r\u00e1si id\u0151 3 h\u00f3nap!<\/p><\/div><\/div><\/div>\n<\/div>\n<\/div><\/div>\n\n\n\n<div class=\"wp-block-uagb-slider-child uagb-slider-child-wrap swiper-slide uagb-block-ea7a4308\"><div class=\"swiper-content\">\n<div class=\"wp-block-uagb-container uagb-block-a27d8480 default uagb-is-root-container\">\n<div class=\"wp-block-uagb-info-box uagb-block-f631a24e uagb-infobox__content-wrap  uagb-infobox-icon-above-title uagb-infobox-image-valign-top wp-block-uagb-info-box--has-margin\"><div class=\"uagb-infobox-margin-wrapper\"><div class=\"uagb-ifb-content\"><div class=\"uagb-ifb-title-wrap\"><h3 class=\"uagb-ifb-title\">Mester szint<\/h3><\/div><p class=\"uagb-ifb-desc\">A harmadik fokozat a mester-fokozat, mely k\u00e9t r\u00e9szre bonthat\u00f3.&nbsp;<br><br>A III.A. fokozat sor\u00e1n a tan\u00edtv\u00e1nynak \u00f6nmaga mester\u00e9v\u00e9 kell v\u00e1lnia. Tal\u00e1n ez a legnehezebb, mivel aki ezt a fokozatot el szeretn\u00e9 \u00e9rni annak a megfelel\u0151 energetikai szint haszn\u00e1lat\u00e1val, a sz\u00fcks\u00e9ges elm\u00e9leti tud\u00e1s megszerz\u00e9s\u00e9vel p\u00e1rhuzamosan \u00f6nmag\u00e1val szemben is meg kell v\u00edvnia a sz\u00fcks\u00e9ges &#8222;csat\u00e1kat&#8221;.&nbsp;<br><br>A III. fokozatn\u00e1l a k\u00e9pz\u00e9s szem\u00e9lyre szabott, hosszabb folyamat, amely nem tanfolyami keretek k\u00f6z\u00f6tt zajlik. Enn\u00e9l a fokozatn\u00e1l m\u00e1r t\u00f6bbsz\u00f6r\u00f6s kiv\u00e1laszt\u00e1si l\u00e9pcs\u0151n mennek kereszt\u00fcl a tan\u00edtv\u00e1nyok.&nbsp;<br><br>A III.B. fokozat az avat\u00f3 mesteri fokozat. Ezzel v\u00e1lik a &#8222;tan\u00edtv\u00e1ny&#8221; beavatott Mesterr\u00e9, a reiki tan\u00e1r\u00e1v\u00e1. Jogot kap arra, hogy a reiki elm\u00e9leti \u00e9s gyakorlati tan\u00edt\u00e1sait fokozatr\u00f3l fokozatra \u00e1tadja tan\u00edtv\u00e1nyainak.&nbsp;<br><br>Ez a fokozat nagy felel\u0151ss\u00e9get hordoz. Itt m\u00e1r nemcsak mag\u00e1\u00e9rt felel a Mester, hanem a tan\u00edtv\u00e1nyai\u00e9rt is felel\u0151ss\u00e9ggel tartozik.&nbsp;<br>Az l\u00e9pjen erre az \u00f6sv\u00e9nyre, aki al\u00e1 tudja mag\u00e1t rendelni a reiki \u00fatj\u00e1nak, al\u00e1zattal \u00e9s felt\u00e9tel n\u00e9lk\u00fcl el tudja fogadni a fels\u0151bb ir\u00e1nymutat\u00e1st.&nbsp;<br>Ahhoz hogy m\u00e9lt\u00f3 MESTERr\u00e9 v\u00e1ljon szem\u00e9lyre szabott pr\u00f3b\u00e1kon kell a Mesternek helyt \u00e1llnia.<\/p><\/div><\/div><\/div>\n<\/div>\n<\/div><\/div>\n<\/div><\/div><div class=\"swiper-pagination\"><\/div><div class=\"swiper-button-prev\"><\/div><div class=\"swiper-button-next\"><\/div><\/div>\n\n\n\n<div class=\"wp-block-uagb-advanced-heading uagb-block-b982da43\"><h2 class=\"uagb-heading-text\">21 napos di\u00e9ta<\/h2><\/div>\n\n\n<p><span style=\"color: #524840;\">Az avat\u00e1sok sor\u00e1n a Mester \u00f6sszehangolja a tan\u00edtv\u00e1ny energia k\u00f6zpontjait. Ezzel az energetikai beavatkoz\u00e1ssal elind\u00edt egy v\u00e1ltoz\u00e1st, ami egy\u00fctt j\u00e1r egy lelki \u00e9s egy fizikai tisztul\u00e1ssal.<\/span><\/p>\n<p><span style=\"color: #524840;\">A lelki tisztul\u00e1st \u00e9s a be\u00e1ll\u00edtott rezg\u00e9s be\u00e9p\u00fcl\u00e9s\u00e9t a mindennapi gyakorl\u00e1s, a testi tisztul\u00e1st a 21 napos di\u00e9ta biztos\u00edtja.<\/span><\/p>\n<p><span style=\"color: #524840;\">Ne legy\u00e9l j\u00f3llakott, t\u00f6bbsz\u00f6r keveset egy\u00e9l!<\/span><\/p>\n<p><span style=\"color: #524840;\">Ker\u00fcld az al\u00e1bbiakat:<\/span><\/p>\n<table border=\"0\" width=\"100%\" cellspacing=\"2\" cellpadding=\"2\">\n<tbody>\n<tr>\n<td align=\"left\" valign=\"middle\" width=\"100\" height=\"30\"><span style=\"color: #524840;\">\u00c9tel:<\/span><\/td>\n<td align=\"left\" valign=\"middle\" height=\"30\"><span style=\"color: #524840;\">h\u00fasok,\u00a0csokol\u00e1d\u00e9, sok hagyma, neh\u00e9z \u00e9telek<\/span><\/td>\n<\/tr>\n<tr>\n<td align=\"left\" valign=\"middle\" width=\"100\" height=\"30\"><span style=\"color: #524840;\">Ital:<\/span><\/td>\n<td align=\"left\" valign=\"middle\" height=\"30\"><span style=\"color: #524840;\">kaka\u00f3,\u00a0Cola,\u00a0sz\u00e9nsavas italok, energia italok, k\u00e1v\u00e9,\u00a0fekete tea \u00e9s az alkohol<\/span><\/td>\n<\/tr>\n<tr>\n<td align=\"left\" valign=\"middle\" width=\"100\" height=\"30\"><span style=\"color: #524840;\">Egy\u00e9b:<\/span><\/td>\n<td align=\"left\" valign=\"middle\" height=\"30\"><span style=\"color: #524840;\">cigaretta, drog<\/span><\/td>\n<\/tr>\n<\/tbody>\n<\/table>\n<p><span style=\"color: #524840;\">M\u00e9rt\u00e9kletes, t\u00fcrelmes legy\u00e9l.<\/span><\/p>\n\n\n<div class=\"wp-block-uagb-advanced-heading uagb-block-e98d4dbc\"><h2 class=\"uagb-heading-text\">Amit a tanfolyamr\u00f3l tudni kell<\/h2><\/div>\n\n\n<p><span style=\"color: #524840;\">Reiki I.:\u00a0<\/span><span style=\"color: #524840;\">Szombaton: 9:00 \u2013 18:00 (\u00e9rkez\u00e9s \u00be 9), <\/span><span style=\"color: #524840;\">Vas\u00e1rnap: 9:00 \u2013 17:00 (\u00e9rkez\u00e9s \u00be 9)<\/span><\/p>\n<p><span style=\"color: #524840;\">Reiki II: <\/span><span style=\"color: #524840;\">Szombaton: 9:00 \u2013 am\u00edg mindenki meg nem tanulja az anyagot (\u00e9rkez\u00e9s \u00be 9), <\/span><span style=\"color: #524840;\">Vas\u00e1rnap: 9:00 \u2013 14:00 (\u00e9rkez\u00e9s \u00be 9)<\/span><\/p>\n<p><span style=\"color: #524840;\"><b>Hozz magaddal:<\/b><\/span><\/p>\n<p><span style=\"color: #524840;\">&#8211; 1 sz\u00e1l vir\u00e1got (amilyen Neked tetszik)<\/span><br \/><span style=\"color: #524840;\">&#8211; H\u00fasmentes \u00e9telt, csoki \u00e9s kaka\u00f3 mentes \u00e9dess\u00e9get (\u00e9tkez\u00e9s k\u00f6z\u00f6sen),<br \/>\u00a0 A tanfolyam ideje alatt is a\u00a021 napos di\u00e9t\u00e1nak megfelel\u0151 \u00e9telek fogyaszthat\u00f3k!<\/span><br \/><span style=\"color: #524840;\">&#8211; Gy\u00fcm\u00f6lcsl\u00e9t, gy\u00fcm\u00f6lcste\u00e1t, \u00e1sv\u00e1nyvizet<\/span><br \/><span style=\"color: #524840;\">&#8211; K\u00e9nyelmes ruh\u00e1t (a helysz\u00ednen \u00e1t\u00f6lt\u00f6zhetsz, ha akarsz)<\/span><br \/><span style=\"color: #524840;\">&#8211; K\u00e9z, \u00e9s arct\u00f6rl\u00e9shez kend\u0151t<\/span><br \/><span style=\"color: #524840;\">&#8211; Papucsot\u00a0<\/span><br \/><span style=\"color: #524840;\">&#8211; Vid\u00e1ms\u00e1got, \u00e9s nyitotts\u00e1got<\/span><\/p>\n<p><span style=\"color: #524840;\">A\u00a0Reiki II\u2013es\u00a0 tanfolyamra a fentieken k\u00edv\u00fcl hozz m\u00e9g magaddal:<\/span><br \/><span style=\"color: #524840;\">&#8211; 100 db A4-es \u00edr\u00f3lapot,\u00a0norm\u00e1l tollakat<\/span><br \/><span style=\"color: #524840;\">&#8211; KEREK (nem v\u00e1gott hegy\u0171), vastag k\u00e9k vagy fekete filceket<\/span><\/p>\n\n\n<p><\/p>\n\n\n\n<p class=\"has-white-color has-white-background-color has-text-color has-background has-link-color wp-elements-f3af10659a18cfd88d4a54e34f264cca\"><\/p>\n","protected":false},"excerpt":{"rendered":"<p>Az Univerz\u00e1lis Szeretet Energia Gy\u00f3gy\u00edt\u00f3 \u00d6lel\u00e9se \u00c9rezted m\u00e1r valaha, hogy &hellip; <\/p>\n","protected":false},"author":3,"featured_media":0,"parent":0,"menu_order":0,"comment_status":"closed","ping_status":"closed","template":"","meta":{"_uag_custom_page_level_css":"","_kadence_starter_templates_imported_post":false,"footnotes":""},"class_list":["post-177","page","type-page","status-publish","hentry","latest_post"],"uagb_featured_image_src":{"full":false,"thumbnail":false,"medium":false,"medium_large":false,"large":false,"1536x1536":false,"2048x2048":false,"chic-lite-schema":false,"chic-lite-slider":false,"chic-lite-slider-one":false,"chic-lite-featured-four":false,"chic-lite-blog":false,"chic-lite-latest":false,"chic-lite-blog-one":false,"chic-lite-sidebar":false},"uagb_author_info":{"display_name":"Kriszta Kolonics","author_link":"https:\/\/kolonicskriszta.hu\/index.php\/author\/mazsi\/"},"uagb_comment_info":0,"uagb_excerpt":"Az Univerz\u00e1lis Szeretet Energia Gy\u00f3gy\u00edt\u00f3 \u00d6lel\u00e9se \u00c9rezted m\u00e1r valaha, hogy &hellip;","_links":{"self":[{"href":"https:\/\/kolonicskriszta.hu\/index.php\/wp-json\/wp\/v2\/pages\/177","targetHints":{"allow":["GET"]}}],"collection":[{"href":"https:\/\/kolonicskriszta.hu\/index.php\/wp-json\/wp\/v2\/pages"}],"about":[{"href":"https:\/\/kolonicskriszta.hu\/index.php\/wp-json\/wp\/v2\/types\/page"}],"author":[{"embeddable":true,"href":"https:\/\/kolonicskriszta.hu\/index.php\/wp-json\/wp\/v2\/users\/3"}],"replies":[{"embeddable":true,"href":"https:\/\/kolonicskriszta.hu\/index.php\/wp-json\/wp\/v2\/comments?post=177"}],"version-history":[{"count":43,"href":"https:\/\/kolonicskriszta.hu\/index.php\/wp-json\/wp\/v2\/pages\/177\/revisions"}],"predecessor-version":[{"id":554,"href":"https:\/\/kolonicskriszta.hu\/index.php\/wp-json\/wp\/v2\/pages\/177\/revisions\/554"}],"wp:attachment":[{"href":"https:\/\/kolonicskriszta.hu\/index.php\/wp-json\/wp\/v2\/media?parent=177"}],"curies":[{"name":"wp","href":"https:\/\/api.w.org\/{rel}","templated":true}]}}