{"id":268,"date":"2025-04-29T14:39:27","date_gmt":"2025-04-29T12:39:27","guid":{"rendered":"https:\/\/kolonicskriszta.hu\/?page_id=268"},"modified":"2026-02-10T21:44:45","modified_gmt":"2026-02-10T20:44:45","slug":"meditacio","status":"publish","type":"page","link":"https:\/\/kolonicskriszta.hu\/index.php\/meditacio\/","title":{"rendered":"Medit\u00e1ci\u00f3"},"content":{"rendered":"\n<h4 class=\"wp-block-heading\"><strong>Tarts velem egy csod\u00e1latos bels\u0151 utaz\u00e1sra magadban.<\/strong><\/h4>\n\n\n\n<p>A modern \u00e9let rohan\u00f3 temp\u00f3ja, a folyamatos ingerek \u00e9s a sz\u00e1mtalan elv\u00e1r\u00e1s k\u00f6nnyen elszak\u00edthat minket \u00f6nmagunkt\u00f3l, a bels\u0151 b\u00e9k\u00e9nkt\u0151l. <\/p>\n\n\n\n<p>\u00c9rezted m\u00e1r \u00fagy, hogy v\u00e1gyakozol egy helyre, ahol a zaj elhalkul, \u00e9s \u00fajra kapcsolatba l\u00e9phetsz a legm\u00e9lyebb \u00e9neddel? Ha igen, akkor a vezetett medit\u00e1ci\u00f3k seg\u00edthetnek ezen a bels\u0151 utaz\u00e1son.<\/p>\n\n\n\n<p><strong>Mi is az a vezetett medit\u00e1ci\u00f3?<\/strong> A vezetett medit\u00e1ci\u00f3 egy olyan gyakorlat, ahol egy tapasztalt vezet\u0151 hangja k\u00eds\u00e9r v\u00e9gig t\u00e9ged a medit\u00e1ci\u00f3s folyamaton. Nem kell semmit sem &#8222;j\u00f3l&#8221; csin\u00e1lnod, csak hagyd, hogy a szavak elvezessenek egy nyugodt, b\u00e9k\u00e9s \u00e1llapotba. Ez a m\u00f3dszer k\u00fcl\u00f6n\u00f6sen hasznos azok sz\u00e1m\u00e1ra, akik m\u00e9g csak most ismerkednek a medit\u00e1ci\u00f3val, vagy nehezen tal\u00e1lnak befel\u00e9 vezet\u0151 utat. A vezet\u0151 seg\u00edt f\u00f3kusz\u00e1lni a l\u00e9gz\u00e9sre, a test \u00e9rzeteire, vagy vizualiz\u00e1ci\u00f3kon kereszt\u00fcl teremti meg a bels\u0151 nyugalmat.<\/p>\n\n\n\n<p><strong>Fedezd fel a bels\u0151 b\u00e9k\u00e9det!<\/strong> <\/p>\n\n\n\n<p>Vezetett medit\u00e1ci\u00f3s foglalkoz\u00e1saimon a legf\u0151bb c\u00e9l, hogy megtal\u00e1ld a saj\u00e1t bels\u0151 b\u00e9k\u00e9det. Ez a b\u00e9ke nem azt jelenti, hogy a probl\u00e9m\u00e1k elt\u0171nnek, hanem azt, hogy k\u00e9pess\u00e9 v\u00e1lsz m\u00e1sk\u00e9pp viszonyulni hozz\u00e1juk. A medit\u00e1ci\u00f3 seg\u00edts\u00e9g\u00e9vel:<\/p>\n\n\n\n<ul class=\"wp-block-list\">\n<li><strong>Cs\u00f6kken a stressz \u00e9s a szorong\u00e1s:<\/strong>\u00a0A rendszeres medit\u00e1ci\u00f3 tudom\u00e1nyosan bizony\u00edtottan cs\u00f6kkenti a stresszhormonok szintj\u00e9t, \u00e9s seg\u00edt megnyugtatni az idegrendszert.<\/li>\n\n\n\n<li><strong>Javul a koncentr\u00e1ci\u00f3 \u00e9s a ment\u00e1lis tisztas\u00e1g:<\/strong>\u00a0A tudatos figyelem gyakorl\u00e1s\u00e1val \u00e9lesedik az elm\u00e9d, javul a f\u00f3kusz k\u00e9pess\u00e9ge \u00e9s k\u00f6nnyebben hozhatsz meg tiszta d\u00f6nt\u00e9seket.<\/li>\n\n\n\n<li><strong>Er\u0151s\u00f6dik az \u00f6ntudatoss\u00e1g:<\/strong>\u00a0M\u00e9lyebb r\u00e1l\u00e1t\u00e1st kapsz gondolataidra, \u00e9rz\u00e9seidre \u00e9s reakci\u00f3idra, ami seg\u00edt jobban meg\u00e9rteni \u00f6nmagad.<\/li>\n\n\n\n<li><strong>N\u00f6vekszik az \u00e9rzelmi egyens\u00faly:<\/strong>\u00a0K\u00e9pess\u00e9 v\u00e1lsz t\u00e1vols\u00e1got tartani az \u00e9rzelmeidhez, \u00e9s nem hagyni, hogy azok t\u00fals\u00e1gosan eluralkodjanak rajtad.<\/li>\n\n\n\n<li><strong>El\u0151seg\u00edti a lelki j\u00f3l\u00e9tet:<\/strong>\u00a0A bels\u0151 utaz\u00e1s sor\u00e1n \u00fajra kapcsolatba ker\u00fclhetsz a bels\u0151 er\u0151forr\u00e1saiddal, \u00e9s megtapasztalhatod a teljess\u00e9g \u00e9rz\u00e9s\u00e9t.<\/li>\n<\/ul>\n\n\n\n<p><strong>Tematikus programok \u00e9s kis csoportos medit\u00e1ci\u00f3k:<\/strong> A v\u00e1ltozatos ig\u00e9nyekre szabva k\u00edn\u00e1lok:<\/p>\n\n\n\n<ul class=\"wp-block-list\">\n<li><strong>Tematikus programokat:<\/strong>\u00a0Ezek a foglalkoz\u00e1sok egy-egy specifikus t\u00e9m\u00e1ra \u00e9p\u00fclnek, mint p\u00e9ld\u00e1ul a stresszold\u00e1s, \u00f6nelfogad\u00e1s, h\u00e1la, meg\u00fajul\u00e1s, elenged\u00e9s. Seg\u00edtenek m\u00e9lyebben elmer\u00fclni egy adott t\u00e9m\u00e1ban, \u00e9s c\u00e9lzottan dolgozni egy konkr\u00e9t c\u00e9lon.<\/li>\n\n\n\n<li><strong>Kis csoportos medit\u00e1ci\u00f3kat:<\/strong>\u00a0A csoport ereje \u00e9s a megosztott energia k\u00fcl\u00f6nleges \u00e9lm\u00e9nyt ny\u00fajt. Egy t\u00e1mogat\u00f3 k\u00f6z\u00f6ss\u00e9gben gyakorolni nem csak inspir\u00e1l\u00f3, hanem lehet\u0151s\u00e9get ad arra is, hogy \u00e9rezd, nem vagy egyed\u00fcl a bels\u0151 utaz\u00e1sodon. A kis l\u00e9tsz\u00e1m garant\u00e1lja a szem\u00e9lyes figyelmet \u00e9s a biztons\u00e1gos, intim l\u00e9gk\u00f6rt.<\/li>\n<\/ul>\n\n\n\n<p><strong>Engedd meg magadnak ezt az aj\u00e1nd\u00e9kot!<\/strong> <\/p>\n\n\n\n<p>Ha k\u00e9szen \u00e1llsz arra, hogy elt\u00e1volodj a mindennapok zaj\u00e1t\u00f3l, \u00e9s megaj\u00e1nd\u00e9kozd magad a bels\u0151 b\u00e9ke \u00e9s harm\u00f3nia \u00e9lm\u00e9ny\u00e9vel, tarts velem! V\u00e1rlak szeretettel a vezetett medit\u00e1ci\u00f3s foglalkoz\u00e1saimon, ahol egy\u00fctt fedezhetj\u00fck fel a benned rejl\u0151 v\u00e9gtelen nyugalmat \u00e9s er\u0151t.<\/p>\n","protected":false},"excerpt":{"rendered":"<p>Tarts velem egy csod\u00e1latos bels\u0151 utaz\u00e1sra magadban. A modern \u00e9let &hellip; <\/p>\n","protected":false},"author":3,"featured_media":0,"parent":0,"menu_order":0,"comment_status":"closed","ping_status":"closed","template":"","meta":{"_uag_custom_page_level_css":"","_kadence_starter_templates_imported_post":false,"footnotes":""},"class_list":["post-268","page","type-page","status-publish","hentry","latest_post"],"uagb_featured_image_src":{"full":false,"thumbnail":false,"medium":false,"medium_large":false,"large":false,"1536x1536":false,"2048x2048":false,"chic-lite-schema":false,"chic-lite-slider":false,"chic-lite-slider-one":false,"chic-lite-featured-four":false,"chic-lite-blog":false,"chic-lite-latest":false,"chic-lite-blog-one":false,"chic-lite-sidebar":false},"uagb_author_info":{"display_name":"Kriszta Kolonics","author_link":"https:\/\/kolonicskriszta.hu\/index.php\/author\/mazsi\/"},"uagb_comment_info":0,"uagb_excerpt":"Tarts velem egy csod\u00e1latos bels\u0151 utaz\u00e1sra magadban. A modern \u00e9let &hellip;","_links":{"self":[{"href":"https:\/\/kolonicskriszta.hu\/index.php\/wp-json\/wp\/v2\/pages\/268","targetHints":{"allow":["GET"]}}],"collection":[{"href":"https:\/\/kolonicskriszta.hu\/index.php\/wp-json\/wp\/v2\/pages"}],"about":[{"href":"https:\/\/kolonicskriszta.hu\/index.php\/wp-json\/wp\/v2\/types\/page"}],"author":[{"embeddable":true,"href":"https:\/\/kolonicskriszta.hu\/index.php\/wp-json\/wp\/v2\/users\/3"}],"replies":[{"embeddable":true,"href":"https:\/\/kolonicskriszta.hu\/index.php\/wp-json\/wp\/v2\/comments?post=268"}],"version-history":[{"count":3,"href":"https:\/\/kolonicskriszta.hu\/index.php\/wp-json\/wp\/v2\/pages\/268\/revisions"}],"predecessor-version":[{"id":550,"href":"https:\/\/kolonicskriszta.hu\/index.php\/wp-json\/wp\/v2\/pages\/268\/revisions\/550"}],"wp:attachment":[{"href":"https:\/\/kolonicskriszta.hu\/index.php\/wp-json\/wp\/v2\/media?parent=268"}],"curies":[{"name":"wp","href":"https:\/\/api.w.org\/{rel}","templated":true}]}}