{"id":457,"date":"2025-10-01T22:58:15","date_gmt":"2025-10-01T20:58:15","guid":{"rendered":"https:\/\/kolonicskriszta.hu\/?page_id=457"},"modified":"2026-02-10T22:34:33","modified_gmt":"2026-02-10T21:34:33","slug":"myshine","status":"publish","type":"page","link":"https:\/\/kolonicskriszta.hu\/index.php\/myshine\/","title":{"rendered":"MYshine"},"content":{"rendered":"\n<div class=\"wp-block-uagb-container uagb-block-377069a0 alignfull uagb-is-root-container\"><div class=\"uagb-container-inner-blocks-wrap\">\n<div class=\"wp-block-uagb-container uagb-block-cc019221\">\n<figure class=\"wp-block-image size-large\"><img loading=\"lazy\" decoding=\"async\" width=\"819\" height=\"1024\" src=\"https:\/\/kolonicskriszta.hu\/wp-content\/uploads\/2025\/10\/www.kolonicskriszta.hu_-3-819x1024.png\" alt=\"\" class=\"wp-image-460\" srcset=\"https:\/\/kolonicskriszta.hu\/wp-content\/uploads\/2025\/10\/www.kolonicskriszta.hu_-3-819x1024.png 819w, https:\/\/kolonicskriszta.hu\/wp-content\/uploads\/2025\/10\/www.kolonicskriszta.hu_-3-240x300.png 240w, https:\/\/kolonicskriszta.hu\/wp-content\/uploads\/2025\/10\/www.kolonicskriszta.hu_-3-768x960.png 768w, https:\/\/kolonicskriszta.hu\/wp-content\/uploads\/2025\/10\/www.kolonicskriszta.hu_-3-48x60.png 48w, https:\/\/kolonicskriszta.hu\/wp-content\/uploads\/2025\/10\/www.kolonicskriszta.hu_-3.png 1080w\" sizes=\"auto, (max-width: 819px) 100vw, 819px\" \/><\/figure>\n<\/div>\n\n\n\n<div class=\"wp-block-uagb-container uagb-block-735b9dd6\">\n<p><strong>Amint bent, \u00fagy kint, amint fent, \u00fagy lent.\u201d<\/strong><\/p>\n\n\n\n<p>Hiszem, hogy a bels\u0151 vil\u00e1gunk rendje \u00e9s tisztas\u00e1ga hat\u00e1rozza meg azt, amit a k\u00fclvil\u00e1gban megteremt\u00fcnk. De ahhoz, hogy ez a bels\u0151 er\u0151 tiszt\u00e1n \u00e1ramolhasson, n\u00e9ha el kell csendesedni. Sz\u00e1momra ez a spiritu\u00e1lis \u00e9s ment\u00e1lis \u201e\u00e1ramsz\u00fcnet\u201d, a teljes jelenl\u00e9t az \u00e9kszer-t\u00f6kl\u00e1mp\u00e1k k\u00e9sz\u00edt\u00e9se.<\/p>\n\n\n\n<p>Ez a tev\u00e9kenys\u00e9g t\u00f6bb puszta hobbin\u00e1l: egyfajta meditat\u00edv r\u00edtus. Egyetlen \u00e1tlagos l\u00e1mpa elk\u00e9sz\u00edt\u00e9se legal\u00e1bb 6-8 \u00f3r\u00e1nyi elm\u00e9ly\u00fclt figyelmet, al\u00e1zatot \u00e9s t\u00f6bb ezer apr\u00f3 furat prec\u00edz elk\u00e9sz\u00edt\u00e9s\u00e9t ig\u00e9nyli. A t\u00f6k, mint alapanyag, a term\u00e9szet \u0151szinte lenyomata: mag\u00e1ban hordozza az \u00e9let minden el\u0151ny\u00e9t \u00e9s h\u00e1tr\u00e1ny\u00e1t. Nincs k\u00e9t egyforma darab, mindegyiknek megvan a maga text\u00far\u00e1ja, egyedi form\u00e1ja, vagy ak\u00e1r \u201ehib\u00e1ja\u201d. \u00c9n nem elfedni akarom ezeket, hanem megmutatni benn\u00fck a sz\u00e9ps\u00e9get \u2013 ett\u0151l v\u00e1lnak a l\u00e1mp\u00e1k is megism\u00e9telhetetlen\u00fcl egyediv\u00e9.<\/p>\n<\/div>\n<\/div><\/div>\n\n\n\n<p>B\u00e1r a l\u00e1mpak\u00e9sz\u00edt\u00e9s a fizikai s\u00edkon, a kezeim k\u00f6z\u00f6tt val\u00f3sul meg, a folyamat szimbolik\u00e1ja a hivat\u00e1som esszenci\u00e1ja is egyben.<\/p>\n\n\n\n<p>Amikor kezembe veszem a nyers term\u00e9st, pontosan \u00fagy tekintek r\u00e1, mint amikor le\u00fcl\u00f6k egy klienssel: el\u0151sz\u00f6r mindig a <em>lehet\u0151s\u00e9get<\/em> l\u00e1tom meg. Azt a rejtett potenci\u00e1lt, ami kibontakoz\u00e1sra v\u00e1r. Azt\u00e1n elkezd\u00fcnk dolgozni. Sz\u00e1nd\u00e9kosan haszn\u00e1lok t\u00f6bbes sz\u00e1mot, hiszen ez sosem egyir\u00e1ny\u00fa farag\u00e1s, hanem p\u00e1rbesz\u00e9d. Ahogy a f\u00far\u00f3 nyom\u00e1n v\u00e1ltozik az anyag szerkezete, \u00fagy dolgozik \u00e9s fejl\u0151dik a m\u00e1sik f\u00e9l is a folyamatban. N\u00e9ha k\u00f6nnyebben haladunk, n\u00e9ha kem\u00e9nyebb r\u00e9tegeken kell \u00e1thatolni, de az anyag \u2013 \u00e9s az ember \u2013 mindig v\u00e1laszol a t\u00f6r\u0151d\u00e9sre.<\/p>\n\n\n\n<p>A szakmai munk\u00e1m val\u00f3di c\u00e9lja \u00e9ppen ebben a p\u00e1rhuzamban rejlik. A \u201ef\u00far\u00e1s\u201d, a m\u00e9lyre \u00e1s\u00e1s, a g\u00e1tak \u00e1tt\u00f6r\u00e9se olykor f\u00e1rads\u00e1gos, de elengedhetetlen ahhoz, hogy a val\u00f3di \u00e9rt\u00e9kek l\u00e1that\u00f3v\u00e1 v\u00e1ljanak. Az\u00e9rt dolgozom, hogy el\u00e9rj\u00fck azt a pillanatot, amikor a kliens \u2013 a k\u00f6z\u00f6s munka \u00e9s a saj\u00e1t bels\u0151 fejl\u0151d\u00e9se \u00e1ltal \u2013 ugyan\u00fagy felragyog, mint az elk\u00e9sz\u00fclt alkot\u00e1s. Hogy a sokszor rejtve maradt bels\u0151 f\u00e9ny v\u00e9gre akad\u00e1lytalanul \u00e1radhasson kifel\u00e9, megvil\u00e1g\u00edtva nemcsak a saj\u00e1t \u00fatj\u00e1t, de a k\u00f6rnyezet\u00e9t is.<\/p>\n","protected":false},"excerpt":{"rendered":"<p>Amint bent, \u00fagy kint, amint fent, \u00fagy lent.\u201d Hiszem, hogy &hellip; <\/p>\n","protected":false},"author":3,"featured_media":0,"parent":0,"menu_order":0,"comment_status":"closed","ping_status":"closed","template":"","meta":{"_uag_custom_page_level_css":"","_kadence_starter_templates_imported_post":false,"footnotes":""},"class_list":["post-457","page","type-page","status-publish","hentry","latest_post"],"uagb_featured_image_src":{"full":false,"thumbnail":false,"medium":false,"medium_large":false,"large":false,"1536x1536":false,"2048x2048":false,"chic-lite-schema":false,"chic-lite-slider":false,"chic-lite-slider-one":false,"chic-lite-featured-four":false,"chic-lite-blog":false,"chic-lite-latest":false,"chic-lite-blog-one":false,"chic-lite-sidebar":false},"uagb_author_info":{"display_name":"Kriszta Kolonics","author_link":"https:\/\/kolonicskriszta.hu\/index.php\/author\/mazsi\/"},"uagb_comment_info":0,"uagb_excerpt":"Amint bent, \u00fagy kint, amint fent, \u00fagy lent.\u201d Hiszem, hogy &hellip;","_links":{"self":[{"href":"https:\/\/kolonicskriszta.hu\/index.php\/wp-json\/wp\/v2\/pages\/457","targetHints":{"allow":["GET"]}}],"collection":[{"href":"https:\/\/kolonicskriszta.hu\/index.php\/wp-json\/wp\/v2\/pages"}],"about":[{"href":"https:\/\/kolonicskriszta.hu\/index.php\/wp-json\/wp\/v2\/types\/page"}],"author":[{"embeddable":true,"href":"https:\/\/kolonicskriszta.hu\/index.php\/wp-json\/wp\/v2\/users\/3"}],"replies":[{"embeddable":true,"href":"https:\/\/kolonicskriszta.hu\/index.php\/wp-json\/wp\/v2\/comments?post=457"}],"version-history":[{"count":5,"href":"https:\/\/kolonicskriszta.hu\/index.php\/wp-json\/wp\/v2\/pages\/457\/revisions"}],"predecessor-version":[{"id":575,"href":"https:\/\/kolonicskriszta.hu\/index.php\/wp-json\/wp\/v2\/pages\/457\/revisions\/575"}],"wp:attachment":[{"href":"https:\/\/kolonicskriszta.hu\/index.php\/wp-json\/wp\/v2\/media?parent=457"}],"curies":[{"name":"wp","href":"https:\/\/api.w.org\/{rel}","templated":true}]}}