{"id":66,"date":"2025-04-27T21:08:40","date_gmt":"2025-04-27T19:08:40","guid":{"rendered":"https:\/\/kolonicskriszta.hu\/?page_id=66"},"modified":"2026-02-11T09:14:18","modified_gmt":"2026-02-11T08:14:18","slug":"en-kod","status":"publish","type":"page","link":"https:\/\/kolonicskriszta.hu\/index.php\/en-kod\/","title":{"rendered":"S\u00e9ma transzform\u00e1ci\u00f3"},"content":{"rendered":"\n<div class=\"wp-block-media-text is-stacked-on-mobile\" style=\"grid-template-columns:36% auto\"><figure class=\"wp-block-media-text__media\"><img loading=\"lazy\" decoding=\"async\" width=\"940\" height=\"788\" src=\"https:\/\/kolonicskriszta.hu\/wp-content\/uploads\/2025\/04\/Icode-3.png\" alt=\"\" class=\"wp-image-160 size-full\" srcset=\"https:\/\/kolonicskriszta.hu\/wp-content\/uploads\/2025\/04\/Icode-3.png 940w, https:\/\/kolonicskriszta.hu\/wp-content\/uploads\/2025\/04\/Icode-3-300x251.png 300w, https:\/\/kolonicskriszta.hu\/wp-content\/uploads\/2025\/04\/Icode-3-768x644.png 768w, https:\/\/kolonicskriszta.hu\/wp-content\/uploads\/2025\/04\/Icode-3-72x60.png 72w\" sizes=\"auto, (max-width: 940px) 100vw, 940px\" \/><\/figure><div class=\"wp-block-media-text__content\">\n<p>\u00c9rezted m\u00e1r \u00fagy, hogy bizonyos helyzetekben \u00fajra \u00e9s \u00fajra hasonl\u00f3 mint\u00e1kba futsz, vagy ugyanazok a neh\u00e9zs\u00e9gek h\u00e1tr\u00e1ltatnak az \u00e9letedben? Mintha egy l\u00e1thatatlan er\u0151 h\u00fazna vissza, \u00e9s akad\u00e1lyozn\u00e1 meg, hogy kiteljesedj?<\/p>\n<p>Ezek a ber\u00f6gz\u00fclt gondolkod\u00e1sm\u00f3dok \u00e9s viselked\u00e9si mint\u00e1k, melyeket korai \u00e9lm\u00e9nyeink alak\u00edtanak ki \u2013 \u00e9s feln\u0151ttkorban sokszor m\u00e1r nem szolg\u00e1lnak minket, s\u0151t, g\u00e1tolnak \u2013, szaknyelven <strong>s\u00e9m\u00e1knak<\/strong> nevezz\u00fck. A <strong>s\u00e9ma transzform\u00e1ci\u00f3<\/strong> \u00e9ppen ezen elavult s\u00e9m\u00e1k felismer\u00e9s\u00e9r\u0151l \u00e9s \u00e1talak\u00edt\u00e1s\u00e1r\u00f3l sz\u00f3l, hogy \u00faj, t\u00e1mogat\u00f3bb mint\u00e1kat \u00e9p\u00edthess be az \u00e9letedbe.<\/p>\n<p>Minden alkalommal kettesben dolgozunk. Seg\u00edts\u00e9g\u00fcl h\u00edvjuk a tudatalattidban megjelen\u0151 k\u00e9peket. \u00a0Ennek felhaszn\u00e1l\u00e1s\u00e1val seg\u00edtek Neked a s\u00e9m\u00e1idat megv\u00e1ltoztatni, \u00edgy \u00e9rj\u00fck el az \u00e9letedben a min\u0151s\u00e9gi v\u00e1ltoz\u00e1st.\u00a0<\/p>\n<\/div><\/div>\n\n\n\n<p>Ehhez a m\u00e9lyrehat\u00f3 v\u00e1ltoz\u00e1shoz ny\u00fajt seg\u00edts\u00e9get az <strong>\u00c9N-k\u00f3d rendszer<\/strong>, egy egyedi m\u00f3dszer, amelynek abszol\u00fat k\u00f6z\u00e9ppontj\u00e1ban <strong>TE \u00e1llsz<\/strong>. Nem egy \u00e1ltal\u00e1nos, mindenki sz\u00e1m\u00e1ra egyforma megold\u00e1sr\u00f3l van sz\u00f3, hanem egy r\u00e1d szabott, szem\u00e9lyes folyamatr\u00f3l, mely teljes m\u00e9rt\u00e9kben figyelembe veszi:<\/p>\n\n\n\n<ul class=\"wp-block-list\">\n<li><strong>Egyedi szem\u00e9lyis\u00e9gedet:<\/strong>&nbsp;Hiszen senki sem olyan, mint te.<\/li>\n\n\n\n<li><strong>Saj\u00e1t l\u00e1t\u00e1sm\u00f3dodat:<\/strong>&nbsp;Ahogyan te szeml\u00e9led a vil\u00e1got, az a te er\u0151ss\u00e9ged.<\/li>\n\n\n\n<li><strong>Eddigi tapasztalataidat:<\/strong>&nbsp;Mert ezek form\u00e1ltak azz\u00e1, aki ma vagy.<\/li>\n<\/ul>\n\n\n\n<p><strong>A te bels\u0151 vilagod a kulcs!<\/strong> Az \u00c9N-k\u00f3d rendszerben egy\u00fctt t\u00e9rk\u00e9pezz\u00fck fel azokat az egy\u00e9ni elakad\u00e1sokat \u00e9s neh\u00e9zs\u00e9geket, amelyek visszatartanak c\u00e9ljaidt\u00f3l, vagy korl\u00e1tozz\u00e1k a boldogs\u00e1godat. A folyamat sor\u00e1n nincsen siets\u00e9g, nincsen nyom\u00e1s: a <strong>saj\u00e1t temp\u00f3dban<\/strong> haladhatsz. A bels\u0151 blokkok kiold\u00e1s\u00e1hoz a <strong>saj\u00e1t bels\u0151 k\u00e9peidet \u00e9s \u00e9rz\u00e9seidet<\/strong> h\u00edvjuk seg\u00edts\u00e9g\u00fcl \u2013 ezek a te leger\u0151sebb er\u0151forr\u00e1said. Olyan gyorsan haladhatsz, ahogyan felk\u00e9sz\u00fclt\u00e9l a v\u00e1ltoz\u00e1sra, hiszen a fejl\u0151d\u00e9sed \u00fcteme teljesen r\u00e1d van b\u00edzva.<\/p>\n\n\n\n<h3 class=\"wp-block-heading\">Mi\u00e9rt v\u00e1laszd az \u00c9N-k\u00f3d rendszert?<\/h3>\n\n\n\n<p>Ez a szem\u00e9lyk\u00f6zpont\u00fa megk\u00f6zel\u00edt\u00e9s lehet\u0151v\u00e9 teszi, hogy ne csak a t\u00fcneteket kezeld, hanem a gy\u00f6kerekn\u00e9l oldd fel a probl\u00e9m\u00e1kat. Az \u00c9N-k\u00f3d rendszerben v\u00e9gzett s\u00e9ma transzform\u00e1ci\u00f3 nem csup\u00e1n \u00e1tmeneti enyh\u00fcl\u00e9st hoz, hanem m\u00e9lyrehat\u00f3 \u00e9s tart\u00f3s v\u00e1ltoz\u00e1st tesz lehet\u0151v\u00e9, melynek eredm\u00e9nye:<\/p>\n\n\n\n<ul class=\"wp-block-list\">\n<li><strong>Val\u00f3di bels\u0151 szabads\u00e1g:<\/strong>&nbsp;Felismered \u00e9s elengeded a t\u00e9ged korl\u00e1toz\u00f3 mint\u00e1kat.<\/li>\n\n\n\n<li><strong>\u00c9p\u00edt\u0151 mint\u00e1k be\u00e9p\u00edt\u00e9se:<\/strong>&nbsp;\u00daj, t\u00e1mogat\u00f3 gondolkod\u00e1sm\u00f3dokat \u00e9s viselked\u00e9seket alak\u00edtasz ki.<\/li>\n\n\n\n<li><strong>Teljesebb, kiegyens\u00falyozottabb \u00e9let:<\/strong>&nbsp;Jobban tudod kezelni a kih\u00edv\u00e1sokat, \u00e9s \u00f6r\u00f6mtelibben \u00e9led meg a mindennapokat.<\/li>\n<\/ul>\n\n\n\n<p>Ha k\u00e9szen \u00e1llsz arra, hogy felismerd \u00e9s \u00e1talak\u00edtsd a t\u00e9ged korl\u00e1toz\u00f3 s\u00e9m\u00e1kat, \u00e9s egy teljesebb, kiegyens\u00falyozottabb \u00e9letet \u00e9lj, az \u00c9N-k\u00f3d rendszer \u00fatmutat\u00e1st ny\u00fajthat ezen az izgalmas \u00faton. Fedezd fel a benned rejl\u0151 er\u0151t, \u00e9s l\u00e9pj a v\u00e1ltoz\u00e1s \u00fatj\u00e1ra!<\/p>\n","protected":false},"excerpt":{"rendered":"<p>\u00c9rezted m\u00e1r \u00fagy, hogy bizonyos helyzetekben \u00fajra \u00e9s \u00fajra hasonl\u00f3 &hellip; <\/p>\n","protected":false},"author":3,"featured_media":0,"parent":0,"menu_order":0,"comment_status":"closed","ping_status":"closed","template":"","meta":{"_uag_custom_page_level_css":"","_kadence_starter_templates_imported_post":false,"footnotes":""},"class_list":["post-66","page","type-page","status-publish","hentry","latest_post"],"uagb_featured_image_src":{"full":false,"thumbnail":false,"medium":false,"medium_large":false,"large":false,"1536x1536":false,"2048x2048":false,"chic-lite-schema":false,"chic-lite-slider":false,"chic-lite-slider-one":false,"chic-lite-featured-four":false,"chic-lite-blog":false,"chic-lite-latest":false,"chic-lite-blog-one":false,"chic-lite-sidebar":false},"uagb_author_info":{"display_name":"Kriszta Kolonics","author_link":"https:\/\/kolonicskriszta.hu\/index.php\/author\/mazsi\/"},"uagb_comment_info":0,"uagb_excerpt":"\u00c9rezted m\u00e1r \u00fagy, hogy bizonyos helyzetekben \u00fajra \u00e9s \u00fajra hasonl\u00f3 &hellip;","_links":{"self":[{"href":"https:\/\/kolonicskriszta.hu\/index.php\/wp-json\/wp\/v2\/pages\/66","targetHints":{"allow":["GET"]}}],"collection":[{"href":"https:\/\/kolonicskriszta.hu\/index.php\/wp-json\/wp\/v2\/pages"}],"about":[{"href":"https:\/\/kolonicskriszta.hu\/index.php\/wp-json\/wp\/v2\/types\/page"}],"author":[{"embeddable":true,"href":"https:\/\/kolonicskriszta.hu\/index.php\/wp-json\/wp\/v2\/users\/3"}],"replies":[{"embeddable":true,"href":"https:\/\/kolonicskriszta.hu\/index.php\/wp-json\/wp\/v2\/comments?post=66"}],"version-history":[{"count":12,"href":"https:\/\/kolonicskriszta.hu\/index.php\/wp-json\/wp\/v2\/pages\/66\/revisions"}],"predecessor-version":[{"id":587,"href":"https:\/\/kolonicskriszta.hu\/index.php\/wp-json\/wp\/v2\/pages\/66\/revisions\/587"}],"wp:attachment":[{"href":"https:\/\/kolonicskriszta.hu\/index.php\/wp-json\/wp\/v2\/media?parent=66"}],"curies":[{"name":"wp","href":"https:\/\/api.w.org\/{rel}","templated":true}]}}